s digit of n?
2
Let k(x) = 5*x - 3. Let p be k(2). Suppose p*f - 2*f - 130 = 0. What is the units digit of f?
6
Suppose 4*f - 10 - 10 = 0. Suppose f*l - 28 = 3*l. What is the tens digit of l?
1
Suppose -4*z = z + 65. Let x = z - -25. What is the units digit of x?
2
Suppose 2*v - 4*b - 15 = 9, -5*b = v + 16. Let u(q) = 4*q - 19. Let z(w) = -2*w + 10. Let o(x) = 4*u(x) + 7*z(x). What is the units digit of o(v)?
2
Let z(c) be the second derivative of c**3/6 - c**2 - c. Let n be z(6). What is the units digit of 8 - 0*(-2)/n?
8
Let t(d) = -d**3 + 13*d**2 - 11*d - 3. What is the hundreds digit of t(10)?
1
Suppose 2*v + 6 = 2*j - 0*j, -2*j = v + 12. Let q = v + 10. Suppose -4*f + 6 = -0*f + 2*c, 0 = 2*f + 2*c - q. What is the units digit of f?
1
Suppose 3*p - 3*a - 5 = 2*p, -5*p = -2*a - 12. Suppose p*x - 3*x = -4. Let y = 10 + x. What is the units digit of y?
4
Let q(d) = d**3 - 3*d**2 - 6. What is the units digit of q(4)?
0
Let q(z) = z**2 + 5*z + 6. What is the units digit of q(-4)?
2
Let q(t) = t**3 + 3*t**2 - 6*t - 5. Let z be q(-4). Suppose -z*n - 2*n = -130. Let f = n + -17. What is the units digit of f?
9
Suppose -4*v = -2*l + 392, 0 = 5*l - 3*v - 510 - 498. What is the units digit of l/9 + 2/(-3)?
2
Let x = 29 + -28. What is the units digit of x?
1
Let u be (-1)/((-1)/20) + 0. Suppose 5*c = 3*c + u. Let m = c + -5. What is the units digit of m?
5
Let y(g) = 4*g - 3. Let f be y(7). Let r = f + -14. What is the units digit of r?
1
Suppose 4*z = 3*z + 6. Let g be ((-20)/z)/(2/(-27)). Suppose -5*u + g = 5*h, 5*h + 2*u - u - 33 = 0. What is the units digit of h?
6
Let s be ((-3)/(-2))/((-1)/(-62)). Suppose -4*y = 1 - s. What is the units digit of y?
3
Suppose -i = 1, 2*f - 2*i = -20 + 90. What is the units digit of (7 + -6)/(2/f)?
7
Let q = -15 + 18. What is the units digit of (2/(-4))/(q/(-114))?
9
Suppose -2*x = 4*k - 290, -3*k - 3*x + 186 = -27. What is the tens digit of k?
7
Let y = 85 - -219. What is the units digit of y?
4
Let r(h) = -h**3 - 5*h**2 - 4*h + 5. Suppose 0*g - 4 = g. What is the units digit of r(g)?
5
Let p = 21 + -22. What is the tens digit of 24 - ((0 - -1) + p)?
2
Let j = -1 - 0. Let o = j - -2. What is the units digit of o?
1
Let l = 15 - 10. Suppose -l*w + 41 = -29. What is the tens digit of w?
1
Let a be (-2 - 1) + (8 - 1). Suppose p + 42 = 6*p + a*n, -9 = -3*n. What is the tens digit of ((-238)/21)/((-4)/p)?
1
Let d be 4/(2 + 0) - -41. Let o = d - 23. Suppose -2*x + 3*c = -0*x - 2, -4*x = 2*c - o. What is the units digit of x?
4
Let g = 76 + -49. What is the tens digit of g?
2
Let j = 13 - 9. Suppose -5*n + j = -1. What is the units digit of n?
1
Let v(m) = -m + 42. What is the tens digit of v(13)?
2
Let z be 282/8 + 4/(-16). What is the tens digit of 4/(-14) - (-1165)/z?
3
Let i(t) = 9 - t + 6 - 13. What is the units digit of i(-3)?
5
Suppose -j = 3*j - 264. What is the tens digit of j?
6
Suppose -2*j = -0 - 4. Suppose -j*x = -5*x + 18. What is the units digit of x?
6
What is the units digit of (-6)/57 - (-667)/19?
5
Let p = -1 + 1. Suppose -t + 6*t - 135 = p. What is the tens digit of t?
2
Suppose 3*f + 2*k - 2 = 6, 0 = 2*k - 2. Suppose -5*j - 5*n + 39 = -4*n, 0 = j - f*n + 1. What is the units digit of j?
7
Let n = -3 - -9. What is the units digit of n?
6
Let t = 35 - 15. What is the tens digit of t?
2
Suppose 1 = 2*t - 19. What is the tens digit of t?
1
Let t = 6 - 1. Suppose 8 = 3*p - t*k - 83, 71 = 3*p - k. Let l = p - 8. What is the tens digit of l?
1
Suppose -3*a + 3 = -0, 0 = 2*s + 2*a - 134. What is the tens digit of s?
6
What is the units digit of 102/(-8)*(3 + -7)?
1
Let b(k) = -10*k**3 + 19*k**2 + 5*k - 5. Let w(s) = 7*s**3 - 13*s**2 - 3*s + 3. Let h(c) = 5*b(c) + 7*w(c). Let n = 9 - 5. What is the units digit of h(n)?
2
Let v be -4 + 9 + 4 + -3. Suppose -v*q + 10*q = 8. What is the units digit of q?
2
Let w(z) = z**3 + z**2 + z - 44. Let x be w(0). Let v(k) = -k**3 - 3*k**2 + 4*k - 3. Let s be v(-4). What is the units digit of x/(-5) - s/15?
9
Suppose 2*y = -5*v + 13 - 6, 5*v - 3*y - 27 = 0. Let q(o) = -o**2 - 2*o - 6*o**v - o + 2*o. What is the units digit of q(-1)?
6
Suppose 0 = -4*q - 10 - 18. Let p(o) be the third derivative of o**4/24 + 5*o**3/3 + o**2. What is the units digit of p(q)?
3
Let p = -71 + 267. What is the tens digit of p?
9
Suppose -3*v = 2*v - 15. What is the units digit of v?
3
Suppose -l + 3 = 1. Let y be 20/3*(-3)/l. What is the units digit of 5/(-1)*8/y?
4
Let w = -25 - -64. What is the units digit of w?
9
What is the tens digit of (-32)/48 - 215/(-3)?
7
Let k(z) = 2*z - 2. Let l be k(3). Suppose 5*y = l*w - 101, w = 3*w + y - 47. What is the tens digit of w?
2
Suppose 5*j - 7 = 18. Suppose -5*m + 16 = -m. What is the units digit of j + (1 - -1 - m)?
3
Let p be (5 + -2)/3 - -2. Suppose p*j - j - 32 = 0. What is the units digit of j?
6
Suppose -24 = 5*q - 2*q - 3*a, 3*q - 5*a + 28 = 0. Let x be (9/4)/(q/(-16)). Let r(u) = u**3 - 7*u**2 + 6*u + 3. What is the units digit of r(x)?
3
Let k(n) = n**3 + 9*n**2 + 8*n - 1. Let m be k(-8). Let u = 13 + m. What is the units digit of u?
2
Let c = 207 - 136. What is the tens digit of c?
7
Suppose -3*t = -6*t. Let s(v) = -v**3 + v**2 + v + 6. What is the units digit of s(t)?
6
Suppose 2*k = -k - 9. What is the tens digit of (-22 + 1)/(k/6)?
4
What is the tens digit of (2 + -3 + -177)/(-1 - 0)?
7
Suppose 20 + 0 = -2*u. Let n = 1 + -3. What is the units digit of (n - u)/(1 - 0)?
8
Suppose 20 = 3*t + f, -4*f + 9*f - 25 = 0. Suppose d - 8 = t*d. What is the units digit of 24/15 - d/5?
2
Let v(l) = 2*l**3 - 4*l**2 - l + 2. Let t(r) = 3*r**3 - 3*r**2 + 1. Let s(f) = 3*t(f) - 2*v(f). What is the units digit of s(1)?
5
Suppose 918 - 86 = 4*w. What is the units digit of w?
8
Let b be (1/2)/((-1)/(-6)). Let j = 2 - b. Let v(y) = -12*y - 1. What is the units digit of v(j)?
1
Let g = 6 - 4. Suppose 2*u = v - g, -3*v = -v - 2*u - 4. Suppose -10 = -0*j - v*j. What is the units digit of j?
5
Let b(z) = z**2 - 2*z + 7. Let v be b(7). What is the units digit of v/8 + 8/(-32)?
5
Let r = -7 + 47. Suppose 0 = -3*v - 6, -2*v - r + 0 = -2*h. What is the tens digit of h?
1
Let p = 125 + -81. Suppose v + p = 5*v. What is the tens digit of v?
1
Let v be ((-4)/(-8))/((-1)/(-12)). Suppose -4*j = -j + v. What is the tens digit of (j/3)/(2/(-30))?
1
Let o(q) = -q**3 + 7*q**2 - 8*q + 8. Let f be o(6). What is the units digit of f/(-6) + 846/27?
2
Let g = 11 - 7. Suppose 15 = 4*m - v, 0 = -m - 4*v + 4 + g. Suppose m*t - 40 = -l + 5*l, l = -4*t + 20. What is the units digit of t?
6
Let c = 3 + 12. What is the units digit of ((-18)/c)/((-2)/15)?
9
Let l = -1 - -2. Let m be l*5*(2 + 0). Suppose -19 = -5*t - 4*o + m, -2*t + 10 = 2*o. What is the units digit of t?
9
Let q = -6 - -16. Suppose 2*z - 6 = q. What is the units digit of z?
8
Suppose -4*u = 2*w - 48 + 10, -w + 22 = 5*u. What is the units digit of w?
7
Let g(h) = -8*h**3 - 20*h**2 + 17*h + 8. Let s(r) = 7*r**3 + 19*r**2 - 17*r - 9. Let b(n) = 6*g(n) + 7*s(n). What is the units digit of b(-14)?
7
Suppose -5*u = z - 32, -5*z - u + 220 = 4*u. What is the units digit of z?
7
Suppose -3*x - 2*x + 5 = 0. Let c be ((-2)/1 + 1)*x. Let r = 0 - c. What is the units digit of r?
1
Suppose v - 2*t + t - 3 = 0, -5*v + 2*t = -3. Let z be (-14)/(-1) + 1 + v. Suppose -2*d = 4, -3*d - z = -k - 2. What is the units digit of k?
6
Suppose l + 32 = 4*u + 2*l, -4*l = -16. What is the tens digit of 5/((-105)/(-54))*u?
1
Suppose 0 = -n + 5*n + 4, 4*i = 4*n + 88. What is the tens digit of i?
2
Let b(z) = 2*z. Let d be b(2). Let w(l) = -4*l - d*l + 4*l + 3*l + 1. What is the units digit of w(-3)?
4
Suppose 0 = -4*i - 5*o - 20, 5*i - 16 = 5*o + 4. Suppose i = -4*j + 6 + 2. What is the units digit of j?
2
Let v(p) = -p**3 + 11*p**2 - 8*p - 14. Let b be v(10). Suppose 2*z + 12 = b*z. What is the units digit of z?
3
Let j(n) = -n**2 - 2*n + 4. Let o(w) = -w - 8. Suppose 0 = -4*s - 4*m - 4, m = 4*s + 1 + 23. Let c be o(s). What is the units digit of j(c)?
1
Let b be 10/6 + 10/(-15). Let w be 3/(-9)*-3 + b. Suppose 3*o + 15 = 0, 0 = -w*c - o + 3. What is the units digit of c?
4
Let i be 9/((-1)/3 + 0). Let s = -19 - i. What is the units digit of s?
8
Suppose -5*h - 2 = -22. Let s(q) = q**2 - 2*q - 5. Let n be s(h). Let v(p) = p**2 - 3*p + 3. What is t